 are the prime factors of 4*(-7)/z*(-1 + -18)?
19
Let c = -20 - -25. Suppose 48 = c*h - 22. Suppose -s + 51 - h = 0. List the prime factors of s.
37
Let t = -297 - -322. Suppose 2651 = 4*r - 5*h, -2*h = -r + 637 + t. What are the prime factors of r?
2, 83
Let d = -871 - -412. List the prime factors of (4 + 2)/(-18)*3 - d.
2, 229
Let q(n) = n**2 + 6*n - 18. Let r be ((-2)/3 - 0)/((-7)/42). Let m be q(r). What are the prime factors of m*((-308)/8)/(-7)?
11
Suppose -37*s = -33*s + 24, 4643 = v + 3*s. What are the prime factors of v?
59, 79
Let r(f) = -6*f**2 - 28*f + 20. Let d be r(-9). What are the prime factors of 5/(((-3)/(-6)*-4)/d)?
5, 107
Suppose 5*z + 15 = 4*t, -13 = -2*t - 5*z + 2*z. Suppose -t*i + 73 = 2*h, -4*i + 48 = -0*h - h. Suppose -i*q = 1687 - 4352. List the prime factors of q.
5, 41
Let p be 4 + (33552/(-120))/(2/(-5)). Let l = 1243 - p. What are the prime factors of l?
2, 3, 5
Suppose 5*k - 8 = 4*c + 40, -4*k - 67 = 3*c. Let a(u) = -27*u - 32. What are the prime factors of a(c)?
7, 61
Let t(o) = -3*o + 10. Let z be 5/(45/51) + (-4)/6. Let d be t(z). Let a(h) = -29*h - 3. List the prime factors of a(d).
2, 71
Suppose 0 = -n - 2*i + 53525, 3*i + 96004 = 2*n - 11039. What are the prime factors of n?
3, 19, 313
Suppose 53982 = 9*c - 5*c - t, -3*c + 5*t = -40495. List the prime factors of c.
5, 2699
Let j(y) = y**3 + 34*y**2 - 36*y - 27. Let o be j(-35). Suppose -3078 = -o*k + 1178. What are the prime factors of k?
2, 7, 19
Let i(o) = o**2 - 9*o + 9. Suppose -26 + 11 = -3*z. Suppose 4*f = 4*l + 24, 0 = z*l + 2*f + 3*f + 20. What are the prime factors of i(l)?
79
Let u(h) = -2*h**2 - 25*h - 7. Let a be u(-8). Suppose 9*y - 466 - a = 0. List the prime factors of y.
59
Let c(z) = -624*z**3 - 15*z**2 - 54*z - 32. List the prime factors of c(-4).
2, 5, 997
Suppose -5*g + 86 = 16. Suppose -g*a + 28 = -10*a. Let q(o) = 4*o**2 - 19*o - 6. List the prime factors of q(a).
3, 19
Suppose 159 = -11*z + 49. Let c(b) = -b**3 - 9*b**2 + 4*b - 6. What are the prime factors of c(z)?
2, 3
Suppose -107*j + 5608 = -1133. What are the prime factors of j?
3, 7
Suppose -2429*o + 58866 + 35345 = -2416*o. What are the prime factors of o?
7247
Let l be 364/39 - 8/(-3). Suppose -3 = 5*n - 53. Suppose -36 = -l*j + n*j. What are the prime factors of j?
2, 3
Let n(d) = -54*d - 718. Let y be n(0). Let k = y - -1029. List the prime factors of k.
311
Let r(m) be the third derivative of 2*m**5/15 - 11*m**4/24 - 7*m**3/2 - 13*m**2. Let w be r(-5). Suppose -4*n + 17*n = w. List the prime factors of n.
2, 3
Let t(i) = i**3 + 13*i**2 + 3*i + 41. Let k be t(-13). What are the prime factors of (k/(-3))/(44/(-16104))?
2, 61
Let o = -14572 - -28974. What are the prime factors of o?
2, 19, 379
Suppose -174463 - 53597 = -45*d. What are the prime factors of d?
2, 7, 181
Suppose -34*l - 2175250 = -121*l - 67*l. What are the prime factors of l?
5, 113
Let g(t) = 8*t**2 - 45*t - 391. List the prime factors of g(28).
4621
Let v = 69 - -40. Let t = v + -45. List the prime factors of t.
2
Let k(p) be the second derivative of -2*p**3 + 9/2*p**2 + 1/6*p**4 - 5*p + 0. What are the prime factors of k(11)?
7, 17
Suppose r + 78 = -v + 5*v, -3*v - 3*r + 51 = 0. Suppose -26 = 3*j + v. Let y(w) = w**3 + 15*w**2 - 3*w - 6. What are the prime factors of y(j)?
3, 13
Let p = -47 + 49. Suppose -3*o - 12 = -4*o - p*g, -2*o + 29 = 5*g. List the prime factors of o/(-4) + (-820)/(-8).
2, 3, 17
Suppose 0 = -54*x - 34*x + 627176. What are the prime factors of x?
7127
Suppose 23 - 442 = -4*q + 5*c, 104 = q - 2*c. Suppose 23 + 17 = 2*l. Suppose -l = -3*n + q. What are the prime factors of n?
2, 3, 7
Let v(o) = 2*o - 43. Suppose 2*y = 5*y - 4*l - 62, -5*y - 4*l + 146 = 0. Let b be v(y). What are the prime factors of -1 + 3*417/b?
2, 3, 23
Let c be -2*(2/(-8) - (-308)/(-16)). Suppose s + 15276 = c*s. List the prime factors of s.
2, 3, 67
Let z(c) be the second derivative of 5*c**4/4 - c**3 + 14*c**2 + 13*c. Let k(o) = o**2. Let n(m) = -4*k(m) + z(m). What are the prime factors of n(3)?
109
Let l(c) = 103*c**3 + 10*c**2 - 20*c + 95. List the prime factors of l(6).
11, 2053
Suppose -9*h = -8 + 170. List the prime factors of (-2)/(4/3)*10908/h.
3, 101
Suppose 32 = -2*m + q, 2*m + 2*q - 81 = 7*m. Suppose 2*k - 150 = -0*k + 2*h, 0 = -h - 5. Let p = k + m. What are the prime factors of p?
53
Let p(h) = h**3 + 8*h**2 - 8*h + 12. Let u be p(-9). Let n(z) = -z**3 - 5*z**2 + 8*z + 14. Let j be n(-6). What are the prime factors of 3/1 - (-140)/(j + u)?
31
Let u(r) = -8*r + 4. Let l be -1 - 1 - (-8 + 1). Suppose -1 = -d + 3*f - 0, l*d = -2*f - 63. List the prime factors of u(d).
2, 23
Let s = 62 + -102. Let y = 53 + s. Suppose 294 = -y*j + 15*j. List the prime factors of j.
3, 7
Let g = -101 - -186. Let f = g + -63. Suppose 3*o - f = 17. What are the prime factors of o?
13
Suppose 0 = -14*p + 134916 + 8430. What are the prime factors of p?
3, 3413
Let y = 2103 + -977. List the prime factors of y.
2, 563
Suppose 0 = 3*n + n - 2856. Suppose 3*s + g - 1074 = -4*g, n = 2*s + 4*g. List the prime factors of s.
3, 11
Let i(f) = -210*f - 166. What are the prime factors of i(-28)?
2, 2857
Let k(z) = 34*z**2 - 14*z - 177. What are the prime factors of k(14)?
3, 233
Let s(n) = 1485*n**2 + 7*n + 21. List the prime factors of s(-2).
19, 313
Let j(i) = i**3 - 2*i**2 + 195*i - 9. What are the prime factors of j(22)?
23, 607
Let g = -66 + 66. Suppose -5*q + 4*j - 35 = 0, g = 4*q - 3*q - 3*j + 18. List the prime factors of q/(6/8 + (-243)/300).
2, 5
Let s = -171 - -116. Let g = s + 130. What are the prime factors of 17015/g - (-6)/45?
227
Let p(m) = 20*m + 6. Let w be p(-3). Let l = w - -58. What are the prime factors of (4 - -67) + -5 + l?
2, 5, 7
Suppose 6*q - 979 = 551. Let f = q + -145. Suppose -f = -4*y + y - 5*o, 3*o = -15. List the prime factors of y.
3, 5
Suppose -70 = 29*d - 36*d. List the prime factors of (-20)/50 - (-1924)/d.
2, 3
Suppose 29*s - 70269 + 305823 = 112*s. What are the prime factors of s?
2, 3, 11, 43
Suppose 0 = -158*v + 148*v. Suppose -3*k + 1004 + 1096 = v. List the prime factors of k.
2, 5, 7
Let x = 7790 + -1168. List the prime factors of x.
2, 7, 11, 43
What are the prime factors of (-264)/(-6204) + (-743867)/(-47)?
7, 17, 19
Let m(b) = -2*b - 2. Let d be m(-2). Suppose 2*q - 2 = -t - 0*t, 4*q + 3*t = 6. Suppose 2*s = 5*c - 0*c + 48, q = -d*s - 4*c + 48. List the prime factors of s.
2, 3
Let h(x) = 126*x**3 - x**2 - 4*x + 6. Let g(f) = 251*f**3 - 2*f**2 - 7*f + 11. Let q(z) = -6*g(z) + 11*h(z). What are the prime factors of q(-2)?
2, 11
Let r = -355 + 364. What are the prime factors of 797 - (r/(-6))/((-6)/(-8))?
17, 47
Let f(h) = -8*h - 7. Suppose 0 = 13*t + 100 + 108. Let a = t - 4. What are the prime factors of f(a)?
3, 17
Suppose -62*w + 2*x + 19 = -61*w, -2 = 2*w + 4*x. Suppose -6*s + w*s - 2439 = 3*o, -3*o - 9 = 0. What are the prime factors of s?
2, 3, 5
Suppose g + 129 = -128. Suppose 989 = 3*w + 265 - 416. Let f = g + w. List the prime factors of f.
3, 41
Suppose 0 = -7*o + 5*o - s + 95, -4*s = -4. Suppose -58*k = -o*k - 6138. What are the prime factors of k?
2, 3, 31
Let p be (7/7)/(1*-1)*-5. Suppose 4672 = -p*t + 9*t. List the prime factors of t.
2, 73
What are the prime factors of 14808/1 - (-144)/(-162)*9?
2, 5, 37
Let y(k) = k**2 - 10*k + 14. Let s(u) = -u**2 - u - 1. Let n(b) = -6*s(b) - y(b). List the prime factors of n(-11).
421
Let a(w) = 21*w**2 + 23*w - 22. Let t(q) = 2*q**3 - 27*q**2 - 18*q + 49. Let d be t(14). What are the prime factors of a(d)?
2, 3, 47
Let t = -30 - -30. Let r(v) = v**3 - v**2 + 6*v - 7. Let i be r(5). Suppose -4*q + q + i = t. List the prime factors of q.
41
Suppose 80*h = -23*h + 797735. What are the prime factors of h?
5, 1549
Suppose 207*a - 1103719 = 3468145 - 443249. List the prime factors of a.
5, 3989
Suppose 2*y - 88 = -4*u + 18, 3*u = 2*y - 78. Let r = 49 + y. Let d = r - 67. What are the prime factors of d?
3
Let n = 11516 + -1520. What are the prime factors of n?
2, 3, 7, 17
Let z = -122 + 124. Suppose 0 = z*j - 6*j + 1256. List the prime factors of j.
2, 157
Let x = 8011 + -379. What are the prime factors of x?
2, 3, 53
Suppose 3*b - 3*q - 73539 = 0, 6*q - 147038 = -6*b + 2*q. What are the prime factors of b?
24509
Let j(x) = 5*x**2 - x - 12. Suppo